{"id":83,"date":"2022-01-09T18:57:44","date_gmt":"2022-01-09T18:57:44","guid":{"rendered":"http:\/\/ledsp.com.br\/wordpress\/?page_id=83"},"modified":"2022-01-09T18:57:46","modified_gmt":"2022-01-09T18:57:46","slug":"laboratorio-de-ensaios","status":"publish","type":"page","link":"http:\/\/ledsp.com.br\/wordpress\/?page_id=83","title":{"rendered":"LABORAT\u00d3RIO DE ENSAIOS"},"content":{"rendered":"\n<p><strong>Eletromec\u00e2nicos e Fotom\u00e9tricos.<\/strong><\/p>\n\n\n\n<p>Contamos&nbsp; com um completo laborat\u00f3rio que garante a qualidade e efici\u00eancia de nossos produtos.<br>Realizamos&nbsp; Ensaios Eletromec\u00e2nicos e Fotom\u00e9trico atrav\u00e9s de modernos equipamento.<br>Investimos recentemente na moderniza\u00e7\u00e3o do nossos equipamento de forma que as curvas fotometricas atendam a nova norma.<\/p>\n","protected":false},"excerpt":{"rendered":"<p>Eletromec\u00e2nicos e Fotom\u00e9tricos. Contamos&nbsp; com um completo laborat\u00f3rio que garante a qualidade e efici\u00eancia de nossos produtos.Realizamos&nbsp; Ensaios Eletromec\u00e2nicos e Fotom\u00e9trico atrav\u00e9s de modernos equipamento.Investimos recentemente na moderniza\u00e7\u00e3o do nossos equipamento de forma que as curvas fotometricas atendam a nova norma.<\/p>\n","protected":false},"author":1,"featured_media":0,"parent":0,"menu_order":0,"comment_status":"closed","ping_status":"closed","template":"","meta":{"footnotes":""},"_links":{"self":[{"href":"http:\/\/ledsp.com.br\/wordpress\/index.php?rest_route=\/wp\/v2\/pages\/83"}],"collection":[{"href":"http:\/\/ledsp.com.br\/wordpress\/index.php?rest_route=\/wp\/v2\/pages"}],"about":[{"href":"http:\/\/ledsp.com.br\/wordpress\/index.php?rest_route=\/wp\/v2\/types\/page"}],"author":[{"embeddable":true,"href":"http:\/\/ledsp.com.br\/wordpress\/index.php?rest_route=\/wp\/v2\/users\/1"}],"replies":[{"embeddable":true,"href":"http:\/\/ledsp.com.br\/wordpress\/index.php?rest_route=%2Fwp%2Fv2%2Fcomments&post=83"}],"version-history":[{"count":1,"href":"http:\/\/ledsp.com.br\/wordpress\/index.php?rest_route=\/wp\/v2\/pages\/83\/revisions"}],"predecessor-version":[{"id":84,"href":"http:\/\/ledsp.com.br\/wordpress\/index.php?rest_route=\/wp\/v2\/pages\/83\/revisions\/84"}],"wp:attachment":[{"href":"http:\/\/ledsp.com.br\/wordpress\/index.php?rest_route=%2Fwp%2Fv2%2Fmedia&parent=83"}],"curies":[{"name":"wp","href":"https:\/\/api.w.org\/{rel}","templated":true}]}}