{"id":85,"date":"2022-01-09T19:02:06","date_gmt":"2022-01-09T19:02:06","guid":{"rendered":"http:\/\/ledsp.com.br\/wordpress\/?page_id=85"},"modified":"2022-06-17T08:32:14","modified_gmt":"2022-06-17T08:32:14","slug":"atendimento-ao-cliente","status":"publish","type":"page","link":"http:\/\/ledsp.com.br\/wordpress\/?page_id=85","title":{"rendered":"Atendimento ao Cliente"},"content":{"rendered":"\n<p><br>Ao depositar sua confian\u00e7a nos produtos LED SP, voc\u00ea se sentir\u00e1 completamente apoiado por uma empresa profissional durante todas as negocia\u00e7\u00f5es e p\u00f3s-venda, afastando preocupa\u00e7\u00f5es e tornando a LED SP&nbsp;uma de suas melhores associadas<\/p>\n\n\n\n<p>Temos o&nbsp;compromisso &nbsp;de&nbsp; responder em at\u00e9 24 horas.<\/p>\n\n\n\n<p>Entrega urgente, talvez com alguma sobretaxa.<\/p>\n\n\n\n<p>Forneceremos um prazo de entrega urgente para os clientes que&nbsp; necessitem.&nbsp;<\/p>\n\n\n\n<p>Suporte t\u00e9cnico profissional 24 horas por dia, com o objetivo de atender a todas as perguntas que possamos ter sobre nossos produtos.<\/p>\n\n\n\n<p>Um servi\u00e7o personalizado e cuidadoso para cada cliente.<\/p>\n\n\n\n<p>Servi\u00e7o p\u00f3s-venda. Fornecemos respostas r\u00e1pidas para eventuais problemas.<\/p>\n\n\n\n<p>Atendimento em portugu\u00eas, ingl\u00eas e espanhol. J\u00e1 que exportamos para pa\u00edses como Chile, Paraguai,Cuba, Panam\u00e1, Estados Unidos entre outros.<\/p>\n","protected":false},"excerpt":{"rendered":"<p>Ao depositar sua confian\u00e7a nos produtos LED SP, voc\u00ea se sentir\u00e1 completamente apoiado por uma empresa profissional durante todas as negocia\u00e7\u00f5es e p\u00f3s-venda, afastando preocupa\u00e7\u00f5es e tornando a LED SP&nbsp;uma de suas melhores associadas Temos o&nbsp;compromisso &nbsp;de&nbsp; responder em at\u00e9 24 horas. Entrega urgente, talvez com alguma sobretaxa. Forneceremos um prazo de entrega urgente para os clientes que&nbsp; necessitem.&nbsp; Suporte t\u00e9cnico profissional 24 horas por dia, com o objetivo de atender a todas as perguntas que possamos ter sobre nossos produtos. Um servi\u00e7o personalizado e cuidadoso para cada cliente. Servi\u00e7o p\u00f3s-venda. Fornecemos respostas r\u00e1pidas para eventuais problemas. Atendimento em portugu\u00eas, ingl\u00eas e espanhol. J\u00e1 que exportamos para pa\u00edses como Chile, Paraguai,Cuba, Panam\u00e1, Estados Unidos entre outros.<\/p>\n","protected":false},"author":1,"featured_media":0,"parent":0,"menu_order":0,"comment_status":"closed","ping_status":"closed","template":"","meta":{"footnotes":""},"_links":{"self":[{"href":"http:\/\/ledsp.com.br\/wordpress\/index.php?rest_route=\/wp\/v2\/pages\/85"}],"collection":[{"href":"http:\/\/ledsp.com.br\/wordpress\/index.php?rest_route=\/wp\/v2\/pages"}],"about":[{"href":"http:\/\/ledsp.com.br\/wordpress\/index.php?rest_route=\/wp\/v2\/types\/page"}],"author":[{"embeddable":true,"href":"http:\/\/ledsp.com.br\/wordpress\/index.php?rest_route=\/wp\/v2\/users\/1"}],"replies":[{"embeddable":true,"href":"http:\/\/ledsp.com.br\/wordpress\/index.php?rest_route=%2Fwp%2Fv2%2Fcomments&post=85"}],"version-history":[{"count":2,"href":"http:\/\/ledsp.com.br\/wordpress\/index.php?rest_route=\/wp\/v2\/pages\/85\/revisions"}],"predecessor-version":[{"id":295,"href":"http:\/\/ledsp.com.br\/wordpress\/index.php?rest_route=\/wp\/v2\/pages\/85\/revisions\/295"}],"wp:attachment":[{"href":"http:\/\/ledsp.com.br\/wordpress\/index.php?rest_route=%2Fwp%2Fv2%2Fmedia&parent=85"}],"curies":[{"name":"wp","href":"https:\/\/api.w.org\/{rel}","templated":true}]}}