{"id":87,"date":"2022-01-09T19:17:28","date_gmt":"2022-01-09T19:17:28","guid":{"rendered":"http:\/\/ledsp.com.br\/wordpress\/?page_id=87"},"modified":"2022-06-17T08:49:20","modified_gmt":"2022-06-17T08:49:20","slug":"motivos-para-comprar","status":"publish","type":"page","link":"http:\/\/ledsp.com.br\/wordpress\/?page_id=87","title":{"rendered":"Motivos para comprar"},"content":{"rendered":"\n<p><strong>A Ilumina\u00e7\u00e3o LEDs \u00e9 melhor que os outros sistemas?<\/strong><\/p>\n\n\n\n<p>Sob certo aspectos sim e n\u00e3o.<br>Em economia de energia,  tempo de vida s\u00e3o melhores que as outras tecnologias dispon\u00edveis no mercado. Por\u00e9m quando o assunto \u00e9 reprodu\u00e7\u00e3o de cores as l\u00e2mpadas incandescentes e hal\u00f3genas possuem o IRC (Indice de reprodu\u00e7\u00e3o de cores maior). Felizmente a grande maioria dos estabelecimentos usavam l\u00e2mpadas fluorescentes, ent\u00e3o haver\u00e1 ganho desde que se utilize leds de boa proced\u00eancia como os nossos. <br>-Incadescente  e hal\u00f3genas=  IRC de 100.<br>-Fluorecentes = IRC de 80.<br>-LED = IRC de 80 a 90 dependendo do modelo.<\/p>\n\n\n\n<p>Por\u00e9m existem tecnologias que tornam determinados produtos mais atrativos , tornando a ilumina\u00e7\u00e3o destes produtos melhor ou SUPERIOR as l\u00e2mpadas hal\u00f3genas ou incandescentes. <br><br>Nossos produtos possuem baixo custo de manuten\u00e7\u00e3o e alta efici\u00eancia energ\u00e9tica.<\/p>\n\n\n\n<p><strong>Cores vivas<\/strong><\/p>\n\n\n\n<p>N\u00e3o \u00e9  apenas sua imagina\u00e7\u00e3o \u00e9 ci\u00eancia. As luzes da LED SP parecem mais naturais que as l\u00e2mpadas fluorescentes,\u00a0possu\u00edmos uma reprodu\u00e7\u00e3o de cores alta, ent\u00e3o tudo\u00a0parece vibrante e realista.  A ilumina\u00e7\u00e3o quente d\u00e1 uma sensa\u00e7\u00e3o tradicional e luxuosa que os nossos clientes esperam e a  ilumina\u00e7\u00e3o fria cria um ambiente de trabalho eficaz ou traz uma apar\u00eancia contempor\u00e2nea para sua empresa ou lar.<br>Contamos com o efeito Pupil lumens que faz seus olhos enxergarem tudo mais claro utilizando a mesma quantidade de l\u00e2mpadas, caso voc\u00ea substitua o seu sistema de ilumina\u00e7\u00e3o pelo nosso tudo ficar\u00e1 melhor iluminado.<\/p>\n\n\n\n<p><strong>Sem ofuscamento<\/strong><\/p>\n\n\n\n<p>Possu\u00edmos op\u00e7\u00f5es de lumin\u00e1rias com um sistema difusores\u00a0 de lente ou refletor que oferece uma distribui\u00e7\u00e3o de luz ideal\u00a0sem ofuscar atrapalhando os trabalhadores e clientes.<br>Possu\u00edmos tecnologia em  LEDs n\u00e3o est\u00e3o vis\u00edveis, para que n\u00e3o ofusque com incid\u00eancia de pontos quentes ou brilho diretamente sobre seus olhos. A \u00fanica coisa que voc\u00ea experimentar\u00e1 \u00e9 a vida sob uma luz bonita e brilhante.<\/p>\n\n\n\n<p><strong>Efici\u00eancia<\/strong><\/p>\n\n\n\n<p><strong>Ilumina\u00e7\u00e3o ultra eficiente\u00a0<\/strong><\/p>\n\n\n\n<p>Comparados a tecnologia&nbsp; incandescente os produtos de ilumina\u00e7\u00e3o da LED podem fornecer a mesma quantidade de luz usando apenas 10 a 15% da energia. Essa enorme redu\u00e7\u00e3o no consumo de energia pode permitir que os consumidores economizem muito dinheiro ao longo da vida de cada lumin\u00e1ria.<\/p>\n\n\n\n<p>Por exemplo nossas lumin\u00e1rias, pode substituir uma l\u00e2mpada\u00a0 de 65 watts usando apenas 0,5 watts. Em sua vida \u00fatil de 50.000 horas, ele consumir\u00e1 cerca de 525 quilowatts-hora. Durante esse per\u00edodo, ele nunca precisar\u00e1 ser substitu\u00eddo.\u00a0 Uma luz t\u00edpica de 65 watts dura 2.000 horas. A\u00a0ilumina\u00e7\u00e3o tradicional consumiria 3.250 quilowatts-hora e precisaria ser substitu\u00edda cerca de 25 vezes.<\/p>\n\n\n\n<p>\u00c9 uma hist\u00f3ria simples &#8230; economizando\u00a0 em custos el\u00e9tricos e de reposi\u00e7\u00e3o, para cada lumin\u00e1ria\u00a0que voc\u00ea substituir.<br> <\/p>\n","protected":false},"excerpt":{"rendered":"<p>A Ilumina\u00e7\u00e3o LEDs \u00e9 melhor que os outros sistemas? Sob certo aspectos sim e n\u00e3o.Em economia de energia, tempo de vida s\u00e3o melhores que as outras tecnologias dispon\u00edveis no mercado. Por\u00e9m quando o assunto \u00e9 reprodu\u00e7\u00e3o de cores as l\u00e2mpadas incandescentes e hal\u00f3genas possuem o IRC (Indice de reprodu\u00e7\u00e3o de cores maior). Felizmente a grande maioria dos estabelecimentos usavam l\u00e2mpadas fluorescentes, ent\u00e3o haver\u00e1 ganho desde que se utilize leds de boa proced\u00eancia como os nossos. -Incadescente e hal\u00f3genas= IRC de 100.-Fluorecentes = IRC de 80.-LED = IRC de 80 a 90 dependendo do modelo. Por\u00e9m existem tecnologias que tornam determinados produtos mais atrativos , tornando a ilumina\u00e7\u00e3o destes produtos melhor ou SUPERIOR as l\u00e2mpadas hal\u00f3genas ou incandescentes. Nossos produtos possuem baixo custo de manuten\u00e7\u00e3o e alta efici\u00eancia energ\u00e9tica. Cores vivas N\u00e3o \u00e9 apenas sua imagina\u00e7\u00e3o \u00e9 ci\u00eancia. As luzes da LED SP parecem mais naturais que as l\u00e2mpadas fluorescentes,\u00a0possu\u00edmos uma&hellip;<\/p>\n<p> <a class=\"more-link\" href=\"http:\/\/ledsp.com.br\/wordpress\/?page_id=87\">Read more<\/a><\/p>\n","protected":false},"author":1,"featured_media":0,"parent":0,"menu_order":0,"comment_status":"closed","ping_status":"closed","template":"","meta":{"footnotes":""},"_links":{"self":[{"href":"http:\/\/ledsp.com.br\/wordpress\/index.php?rest_route=\/wp\/v2\/pages\/87"}],"collection":[{"href":"http:\/\/ledsp.com.br\/wordpress\/index.php?rest_route=\/wp\/v2\/pages"}],"about":[{"href":"http:\/\/ledsp.com.br\/wordpress\/index.php?rest_route=\/wp\/v2\/types\/page"}],"author":[{"embeddable":true,"href":"http:\/\/ledsp.com.br\/wordpress\/index.php?rest_route=\/wp\/v2\/users\/1"}],"replies":[{"embeddable":true,"href":"http:\/\/ledsp.com.br\/wordpress\/index.php?rest_route=%2Fwp%2Fv2%2Fcomments&post=87"}],"version-history":[{"count":6,"href":"http:\/\/ledsp.com.br\/wordpress\/index.php?rest_route=\/wp\/v2\/pages\/87\/revisions"}],"predecessor-version":[{"id":299,"href":"http:\/\/ledsp.com.br\/wordpress\/index.php?rest_route=\/wp\/v2\/pages\/87\/revisions\/299"}],"wp:attachment":[{"href":"http:\/\/ledsp.com.br\/wordpress\/index.php?rest_route=%2Fwp%2Fv2%2Fmedia&parent=87"}],"curies":[{"name":"wp","href":"https:\/\/api.w.org\/{rel}","templated":true}]}}