{"id":238,"date":"2022-02-24T00:33:57","date_gmt":"2022-02-24T00:33:57","guid":{"rendered":"http:\/\/ledsp.com.br\/wordpress\/?post_type=product&#038;p=238"},"modified":"2022-08-17T19:16:44","modified_gmt":"2022-08-17T19:16:44","slug":"vulcano-led-track-lights-15-20-30w","status":"publish","type":"product","link":"http:\/\/ledsp.com.br\/wordpress\/?product=vulcano-led-track-lights-15-20-30w","title":{"rendered":"VULCANO &#8211; 15-20-30W"},"content":{"rendered":"<pre id=\"tw-target-text\" class=\"tw-data-text tw-text-large tw-ta\" dir=\"ltr\" data-placeholder=\"Translation\"><span class=\"Y2IQFc\" lang=\"pt\">Lumin\u00e1ria LED com design montado em uma estrutura simples. \r\nO driver integrado e o adaptador para trilhos facilitam a instala\u00e7\u00e3o. \r\nO corpo em alum\u00ednio oferece excelente dissipa\u00e7\u00e3o de calor. \r\nOrienta\u00e7\u00e3o de ilumina\u00e7\u00e3o ajust\u00e1vel com 350\u00b0 na dire\u00e7\u00e3o horizontal e 90\u00b0 na dire\u00e7\u00e3o vertical.\r\n\r\nCaracter\u00edsticas:\r\n\r\nOp\u00e7\u00f5es de lentes substitu\u00edveis: 15\u00b0\/24\u00b0\/36\u00b0\/60\u00b0.\r\nAlta efici\u00eancia de l\u00famen, 110lm\/W.\r\nOrienta\u00e7\u00e3o de ilumina\u00e7\u00e3o ajust\u00e1vel com 350\u00b0 na dire\u00e7\u00e3o horizontal e 90\u00b0 na dire\u00e7\u00e3o vertical.\r\nDriver integrado e adaptador externo.<\/span><\/pre>\n<p>Modelo de 15 W possu\u00ed 1600 lumens e dimens\u00f5es de \u00d890*43mm<br \/>\nModelo de 20W\u00a0 possu\u00ed 2300 lumens e dimens\u00f5es de \u00d890*43 mm<br \/>\nModelo de 30W\u00a0 possu\u00ed 3200lumens e dimens\u00f5es de \u00d8120*43 mm<\/p>\n<p>Vida \u00fatil estimada de 500000 horas<br \/>\nGarantia de 2 anos.<\/p>\n<p>Para maiores informa\u00e7\u00f5es entre em contato<br \/>\n<div class=\"wpforms-container wpforms-container-full\" id=\"wpforms-209\"><form id=\"wpforms-form-209\" class=\"wpforms-validate wpforms-form wpforms-ajax-form\" data-formid=\"209\" method=\"post\" enctype=\"multipart\/form-data\" action=\"\/wordpress\/index.php?rest_route=%2Fwp%2Fv2%2Fproduct%2F238\" data-token=\"f6fda0ca1fecd861827eadfcb7978bd1\" data-token-time=\"1776250391\"><noscript class=\"wpforms-error-noscript\">Please enable JavaScript in your browser to complete this form.<\/noscript><div class=\"wpforms-field-container\"><div id=\"wpforms-209-field_1-container\" class=\"wpforms-field wpforms-field-name\" data-field-id=\"1\"><label class=\"wpforms-field-label\" for=\"wpforms-209-field_1\">Nome: <span class=\"wpforms-required-label\">*<\/span><\/label><input type=\"text\" id=\"wpforms-209-field_1\" class=\"wpforms-field-medium wpforms-field-required\" name=\"wpforms[fields][1]\" required><\/div><div id=\"wpforms-209-field_2-container\" class=\"wpforms-field wpforms-field-email\" data-field-id=\"2\"><label class=\"wpforms-field-label\" for=\"wpforms-209-field_2\">Email <span class=\"wpforms-required-label\">*<\/span><\/label><input type=\"email\" id=\"wpforms-209-field_2\" class=\"wpforms-field-medium wpforms-field-required\" name=\"wpforms[fields][2]\" spellcheck=\"false\" required><\/div><div id=\"wpforms-209-field_3-container\" class=\"wpforms-field wpforms-field-number\" data-field-id=\"3\"><label class=\"wpforms-field-label\" for=\"wpforms-209-field_3\">Telefone<\/label><input type=\"number\" id=\"wpforms-209-field_3\" class=\"wpforms-field-medium\" name=\"wpforms[fields][3]\" step=\"any\" ><\/div><div id=\"wpforms-209-field_4-container\" class=\"wpforms-field wpforms-field-text\" data-field-id=\"4\"><label class=\"wpforms-field-label\" for=\"wpforms-209-field_4\">Mensagem:<\/label><input type=\"text\" id=\"wpforms-209-field_4\" class=\"wpforms-field-medium\" name=\"wpforms[fields][4]\" ><\/div><\/div><!-- .wpforms-field-container --><div class=\"wpforms-submit-container\" ><input type=\"hidden\" name=\"wpforms[id]\" value=\"209\"><input type=\"hidden\" name=\"page_title\" value=\"\"><input type=\"hidden\" name=\"page_url\" value=\"http:\/\/ledsp.com.br\/wordpress\/index.php?rest_route=\/wp\/v2\/product\/238\"><input type=\"hidden\" name=\"url_referer\" value=\"\"><button type=\"submit\" name=\"wpforms[submit]\" id=\"wpforms-submit-209\" class=\"wpforms-submit\" data-alt-text=\"Enviando\" data-submit-text=\"Enviar\" aria-live=\"assertive\" value=\"wpforms-submit\">Enviar<\/button><img src=\"http:\/\/ledsp.com.br\/wordpress\/wp-content\/plugins\/wpforms-lite\/assets\/images\/submit-spin.svg\" class=\"wpforms-submit-spinner\" style=\"display: none;\" width=\"26\" height=\"26\" alt=\"Loading\"><\/div><\/form><\/div>  <!-- .wpforms-container --><\/p>\n","protected":false},"excerpt":{"rendered":"<pre id=\"tw-target-text\" class=\"tw-data-text tw-text-large tw-ta\" dir=\"ltr\" data-placeholder=\"Translation\"><span class=\"Y2IQFc\" lang=\"pt\">Lumin\u00e1ria LED com design montado em uma estrutura simples. \r\nO driver integrado e o adaptador para trilhos facilitam a instala\u00e7\u00e3o. \r\nO corpo em alum\u00ednio oferece excelente dissipa\u00e7\u00e3o de calor. \r\nOrienta\u00e7\u00e3o de ilumina\u00e7\u00e3o ajust\u00e1vel com 350\u00b0 na dire\u00e7\u00e3o horizontal e 90\u00b0 na dire\u00e7\u00e3o vertical.\r\n\r\nCaracter\u00edsticas:\r\n\r\nOp\u00e7\u00f5es de lentes substitu\u00edveis: 15\u00b0\/24\u00b0\/36\u00b0\/60\u00b0.\r\nAlta efici\u00eancia de l\u00famen, 110lm\/W.\r\nOrienta\u00e7\u00e3o de ilumina\u00e7\u00e3o ajust\u00e1vel com 350\u00b0 na dire\u00e7\u00e3o horizontal e 90\u00b0 na dire\u00e7\u00e3o vertical.\r\nDriver integrado e adaptador externo.<\/span><\/pre>\n<p>Modelo de 15 W possu\u00ed 1600 lumens e dimens\u00f5es de \u00d890*43mm<br \/>\nModelo de 20W\u00a0 possu\u00ed 2300 lumens e dimens\u00f5es de \u00d890*43 mm<br \/>\nModelo de 30W\u00a0 possu\u00ed 3200lumens e dimens\u00f5es de \u00d8120*43 mm<\/p>\n[wpforms id=\"203\"]\n<p> <a class=\"more-link\" href=\"http:\/\/ledsp.com.br\/wordpress\/?product=vulcano-led-track-lights-15-20-30w\">Read more<\/a><\/p>","protected":false},"featured_media":239,"comment_status":"open","ping_status":"closed","template":"","meta":[],"product_cat":[32,35],"product_tag":[],"_links":{"self":[{"href":"http:\/\/ledsp.com.br\/wordpress\/index.php?rest_route=\/wp\/v2\/product\/238"}],"collection":[{"href":"http:\/\/ledsp.com.br\/wordpress\/index.php?rest_route=\/wp\/v2\/product"}],"about":[{"href":"http:\/\/ledsp.com.br\/wordpress\/index.php?rest_route=\/wp\/v2\/types\/product"}],"replies":[{"embeddable":true,"href":"http:\/\/ledsp.com.br\/wordpress\/index.php?rest_route=%2Fwp%2Fv2%2Fcomments&post=238"}],"wp:featuredmedia":[{"embeddable":true,"href":"http:\/\/ledsp.com.br\/wordpress\/index.php?rest_route=\/wp\/v2\/media\/239"}],"wp:attachment":[{"href":"http:\/\/ledsp.com.br\/wordpress\/index.php?rest_route=%2Fwp%2Fv2%2Fmedia&parent=238"}],"wp:term":[{"taxonomy":"product_cat","embeddable":true,"href":"http:\/\/ledsp.com.br\/wordpress\/index.php?rest_route=%2Fwp%2Fv2%2Fproduct_cat&post=238"},{"taxonomy":"product_tag","embeddable":true,"href":"http:\/\/ledsp.com.br\/wordpress\/index.php?rest_route=%2Fwp%2Fv2%2Fproduct_tag&post=238"}],"curies":[{"name":"wp","href":"https:\/\/api.w.org\/{rel}","templated":true}]}}